 w(-3). Let f = 0 + y. What are the prime factors of 9/((-4 - 1)/f)?
3
Let q(o) = 2*o**3 - 6*o**2 - 15*o + 197. List the prime factors of q(6).
17, 19
Let a(d) = 214*d**2 - 281*d - 2372. What are the prime factors of a(-8)?
2, 3, 13, 29
Let u = -117 + 477. Suppose 3*a = 4*c + u, 0 = 2*a - 4*c + 3*c - 235. List the prime factors of a.
2, 29
Suppose -2*t - 7*i + 41195 = 0, 5*t = -7*i + 11*i + 103095. What are the prime factors of t?
5, 7, 19, 31
Let h = 359 + 198. Suppose -y + 698 - h = 0. List the prime factors of y.
3, 47
Suppose 50*g - 1063070 = -109724 + 859804. What are the prime factors of g?
36263
Suppose -3*p + 2*p + 4*q - 3 = 0, 0 = 3*q + 3. Let j(w) = -2*w**3 - 2*w**2 + 41*w + 1. List the prime factors of j(p).
2, 151
Let i be 429/9 + 4/3. Let d = i - 45. Suppose -1204 = -d*q + 4*b, -2*q + 3*b + 495 = -112. List the prime factors of q.
2, 37
What are the prime factors of 13 - 13/((-13)/24235)?
2, 7, 433
Let v be 656/4264 + 600/(-13). Let i(g) = 18*g. Let b be i(5). Let c = b + v. List the prime factors of c.
2, 11
Suppose -3*m = -7*m - 632. Suppose 18*a = 13*a - 1120. Let z = m - a. List the prime factors of z.
2, 3, 11
Let i(q) = -5 + 23 - 776*q + 4 + 0. Let a be i(3). List the prime factors of 8/60 - a/30.
7, 11
What are the prime factors of (-5 + 22 - 18)/((-219893)/(-73298) - 3)?
2, 67, 547
Let v = -26 + 23. Let h be 3 + 397 + (v - -4). Suppose h = 5*c - 4*d - 140, -2*d = -5*c + 533. List the prime factors of c.
3, 5, 7
Suppose v = -4*c + 2405 - 13719, 0 = 2*c - v + 5654. Let a = 4032 + c. What are the prime factors of a?
2, 7, 43
Let o = 3694 + 942. What are the prime factors of o?
2, 19, 61
Suppose 3*m - 6 = 4*r, 2*m + 4*r - 26 + 2 = 0. Suppose 11*b - m = 5. List the prime factors of 188 + 0 - (b - -1).
2, 3, 31
Suppose a + 4 = -2*q, 8 = -4*q + 5*a - 0*a. Let v(z) = -z - 4. Let i be v(q). What are the prime factors of ((-26)/(-4))/(i + 145/70)?
7, 13
Suppose -3*h + 101 = -4*x, 5*h - 115 - 32 = -4*x. Suppose h*n - n = 29760. List the prime factors of n.
2, 31
Let l(c) = 7805*c**2 + 48*c - 85. What are the prime factors of l(2)?
31231
Suppose -15*g + 168 = -g. What are the prime factors of (-18)/g*1336/(-6)?
2, 167
Suppose 67*r - 816907 - 384336 = 0. What are the prime factors of r?
17929
What are the prime factors of 12/15*11325/6 - -6?
2, 379
Suppose 4*b = 5*n - 4, -5 = 4*b - 21. Let g = -308 + 312. Suppose n*r - 4*p + 194 = 490, g*p - 361 = -5*r. What are the prime factors of r?
73
Let g be (-808)/5*-1 - 2/(-5). Let v = g - 310. Let s = 10 - v. What are the prime factors of s?
2, 79
Let s be (9 - 11)*2/4*-547. Suppose 5*h + 2*j + 351 = 1717, 2*h + j = s. What are the prime factors of h?
2, 17
Suppose 0 = 2*o - 5*u - 213, -4*u = -o - 8*u + 100. Suppose -200 = -4*d + o. Let z = d - -22. List the prime factors of z.
2, 7
What are the prime factors of (24/(-14))/((-5)/(2306885/(-6920636)) - 15)?
2, 3, 3469
Suppose 9 + 1 = 2*q. Suppose -10 = -q*n + 3*n. Suppose -n*l = d - 32, -2*l - 26 = -d - l. List the prime factors of d.
3
Let b = -15354 + 24929. What are the prime factors of b?
5, 383
Let p = 56 + -52. Suppose p*a + g = 3*g + 1298, -g + 320 = a. Suppose 3*j - a = r + r, 0 = 3*j - r - 319. What are the prime factors of j?
3, 5, 7
Suppose 0 = -2*b + 14*u - 11*u + 3375, -5*b + 8511 = 3*u. What are the prime factors of b?
2, 3, 283
Suppose 329992 = 31*c + 21*c. What are the prime factors of c?
2, 19, 167
Let c(m) = -m**2 - 21*m - 6. Let p be c(-9). Suppose 5*r + r = p. Let q(w) = 8*w + 3. List the prime factors of q(r).
139
Suppose 0 = 7*x - 11 - 10. Let y be (-63)/(-28)*4/x. Suppose y*j - 7 = -0*p + p, -3*j + 5*p - 1 = 0. List the prime factors of j.
3
List the prime factors of (7 + 63894/(-18))*(-3)/4*2.
2, 2657
Let d(z) = 3*z - 32. Let o be d(14). Suppose 3*x = -3*g, -2*g - o = -g - 4*x. Let n = g - -8. What are the prime factors of n?
2, 3
Let m(r) = -1901*r + 318. What are the prime factors of m(-3)?
3, 223
Let u = 43 - 92. Let d = u - -57. Suppose d*r = -2 + 98. List the prime factors of r.
2, 3
Let x(q) = -20*q + 50*q - 29*q + 1 + 3. Let s be x(-2). Suppose -4*b + 424 = s*u, -4*b - 209 = -u - 9*b. What are the prime factors of u?
2, 107
Let l = 113 + -109. Suppose l*v - 9 = 3. Suppose 2*i + 2*q - 193 = 77, -v*i + 2*q + 430 = 0. List the prime factors of i.
2, 5, 7
Let v be 2/6 - (-23848)/(-66). Let c = v - -585. List the prime factors of c.
2, 7
Suppose 35 = 5*b + 5*f, 4*f = -b - 0 + 16. Let n(l) = -178*l - 13. Let m be n(-4). Suppose -b*w + m = 179. List the prime factors of w.
2, 5, 13
Let x(i) = 5*i**3 - i**2 + 2*i - 1. Let l be x(1). Suppose -4*s - 4*f - f = -65, 5*s - l*f = 115. Suppose -25*j = -s*j - 570. List the prime factors of j.
2, 3, 19
List the prime factors of ((-15)/20*-4)/((-23)/(-117553)).
3, 19, 269
Let o(n) = n**2 - 5*n - 23. Let a(v) = 4*v - 12. Let i be a(5). Let q be o(i). Let w(b) = 80*b**2 + 1. What are the prime factors of w(q)?
3
Let f = 559 + -198. Suppose 335 = j + 5*d, -f = -2*j - 3*d + 330. List the prime factors of j.
2, 5, 7
Let j = -68 - -80. Let w(b) = -b**3 + 13*b**2 - 17*b + 14. Let t be w(j). Let l = 201 + t. What are the prime factors of l?
5, 31
Suppose -4*l - 2*p + 0*p = -14, 3*p = l. Suppose -2*h - 5*m - 19 = 0, l*h + 10 = -4*m - 1. Suppose -h*z = -20 - 97. List the prime factors of z.
3, 13
Let p be (1484/(-126) - -12) + 94/(-18). List the prime factors of 210/20*(p - -127).
3, 7, 61
Suppose 0 = -4*v + w + 93629, -18729 - 4657 = -v - 4*w. What are the prime factors of v?
2, 3, 47, 83
Let m(c) = -2*c**3 + 12*c**2 - 5*c + 11. Let a be m(8). Let n be 140/(-30)*(42 + 0). Let s = n - a. What are the prime factors of s?
89
Suppose -397*t + 402*t - 9560 = 0. Let f = t + -936. What are the prime factors of f?
2, 61
Let y(h) = -2*h**2 + 23*h - 23. Let j(c) = -2*c**2 + 14*c - 2. Let a be j(6). List the prime factors of y(a).
7
Let n = 59 + -48. Let g(u) = u**3 - 10*u**2 - 9*u - 22. Let r be g(n). Suppose 0*k - 5*k = -4*w + 360, -2*w + 5*k + 170 = r. List the prime factors of w.
5, 19
Let q(r) = 1213*r - 22. What are the prime factors of q(1)?
3, 397
Let d be 0 + (-6 + 1 - -2) - -1. Let q be (-1)/d*-26*(2 + -5). Suppose -2*c = -q - 87. What are the prime factors of c?
3, 7
Suppose 5*s - 4*s = 3*u + 12, 0 = -5*s + 3*u + 12. Suppose s*r - 3*r - 4*t + 489 = 0, -815 = -5*r - 2*t. List the prime factors of r.
163
Suppose -17 = -4*p + p + 5*h, -5*h = 4*p + 24. Let x be 4 - (5/5 + p). What are the prime factors of (x - 4 - 1)/((-1)/34)?
2, 17
Let b = 178 - 210. List the prime factors of (-5 - 20175/(-40)) + 12/b.
499
Suppose -19*s = -4*v - 23*s + 15356, 5*s + 7650 = 2*v. What are the prime factors of v?
5, 13, 59
Let n be 14/(-3)*(-12)/2. Suppose n*a - 19*a = 1737. List the prime factors of a.
193
Suppose n + k - 5494 - 3934 = 0, k = 3*n - 28300. List the prime factors of n.
2, 3, 131
Let c(w) = 10*w - 65. Let o(b) be the first derivative of -b**3/3 + 9*b**2/2 - 5*b - 41. Let p be o(3). What are the prime factors of c(p)?
5, 13
Let u(j) = -j - 24. Let s be u(-17). Let r be (-12)/42 + (-1 - (-75)/s). What are the prime factors of (-1 - -2)*3*(-28)/r?
7
Let o = -59 + 119. Let g(y) = -y**3 - 8*y**2 - 4*y + 2. Let x be g(-7). Let i = x + o. List the prime factors of i.
41
Let v(b) = 26*b**2 + 53*b + 397. List the prime factors of v(-15).
2, 29, 47
Let c(x) = 33*x**2 - 56*x - 3888. List the prime factors of c(-36).
2, 3, 71
Suppose -15 = -5*o, -f - o - 3*o + 9908 = 0. What are the prime factors of f?
2, 1237
Let b(d) = 90*d**2 - 12*d - 3 - 3*d - 2 + 9*d. List the prime factors of b(-3).
823
Let b(r) = -21*r**3 - 16*r**2 - 22*r + 75. List the prime factors of b(-9).
2, 3, 2381
Let c = -7293 - -13958. List the prime factors of c.
5, 31, 43
Let z = -509 - -21048. Suppose 0*r = -19*r + z. What are the prime factors of r?
23, 47
Suppose 2*v + 4 = -b - 3*b, -5*v = -3*b + 10. Suppose b = 5*r - 752 - 953. List the prime factors of r.
11, 31
Suppose 73*n + 464 = 102*n. Let a(i) = -18*i - 2. Let g be a(-4). Suppose -n*r + 17*r = g. What are the prime factors of r?
2, 5, 7
Let d = 73 - 58. Suppose -4*g + 16*k - 13*k = -855, d = 5*k. List the prime factors of g.
2, 3
Let f = 147 - 145. Suppose f*o - o = -3*j + 18, o = j + 2. List the prime factors of o.
2, 3
Let z(u) = -7*u - 74. Let x be z(-14). Suppose -x*k + 302